= 955 + -842. What is the remainder when r is divided by 66?
47
Let c be (-3)/(3*3/(-15)). What is the remainder when 35 is divided by 6*3/10*c?
8
Let y(u) = -u**3 - 7*u**2 + 10*u - 4. Suppose -4*p - 39 = -3*g, 2*p + 0*p = 5*g - 23. What is the remainder when y(p) is divided by 35?
33
Let m = -134 - -279. Suppose 3*l - m = -2*l. Let p = -14 + l. What is the remainder when p is divided by 4?
3
Let q = 398 - 390. Let p = -2 + 30. Calculate the remainder when p is divided by q.
4
Calculate the remainder when 848 is divided by 2 - 120/(-5 + -5).
8
Let u(z) = 3*z**3 - 8*z**2 + 12*z + 10. Let n be u(6). Suppose 4*p + 46 = n. What is the remainder when p is divided by 26?
21
Suppose 2*n + 5*z - 23 = 0, 2*n - 6*z = -z - 7. What is the remainder when 123 is divided by n?
3
What is the remainder when 173 is divided by (-7 - 44/(-6))/(2/324)?
11
Let d(g) = 5*g + 7. Let s be d(-3). Let p(n) = -n + 15. Calculate the remainder when p(s) is divided by 6.
5
Let q(w) = 55*w + 19 - 102*w + w**2 + 69*w. Suppose 4*f - 2*m - 19 = 3*f, f = -5*m - 9. What is the remainder when q(-23) is divided by f?
9
Let n(x) be the third derivative of 0*x + 3/10*x**5 + 0 - 3/4*x**4 + 7*x**2 + 10/3*x**3 - 1/120*x**6. What is the remainder when 3 is divided by n(17)?
0
Suppose 8*h - 25 - 519 = 0. What is the remainder when 270 is divided by h?
66
Suppose -3*j - 5*l = -638, 5*j - 4*l = l + 1050. Suppose 5 = 12*t - j. Calculate the remainder when 139 is divided by t.
13
Let o = 657 - 100. Suppose 4*u - o = 39. Calculate the remainder when u is divided by 38.
35
Suppose -4*v + 28 = -0*u - 4*u, u + 27 = 5*v. Let c = 265 - 152. Suppose -67 = -3*z + g, -5*z - 3*g + c = -v*g. What is the remainder when 83 is divided by z?
20
Let s(f) = 2*f + 7. What is the remainder when s(10) is divided by (-154)/(-30) - 5 - (-446)/30?
12
Suppose w = -l + 16 + 21, -3*l + 123 = -w. Suppose -2*o = -l - 14. Let v = -15 + o. Calculate the remainder when 47 is divided by v.
11
Let j = 139 + -65. What is the remainder when j is divided by 27?
20
Let k be 4/34 + (-6408)/136. Let v = k - -73. Let z = 30 - 16. What is the remainder when v is divided by z?
12
Let q = -117 + 80. Let v = 47 + q. What is the remainder when 17 is divided by v?
7
Suppose -29*w + 178 = -170. Calculate the remainder when 46 is divided by w.
10
Let j(l) = l**3 - 26*l**2 - 85*l + 142. What is the remainder when j(29) is divided by 16?
8
Suppose 7*t = 3*t - 12. Calculate the remainder when 97 is divided by 5/(1*t/(-15)).
22
Let m = 145 + -25. Calculate the remainder when m is divided by 11.
10
Let s = -14 + 12. Calculate the remainder when (1/(-3))/(s/(-12)) - -16 is divided by 10.
4
Let m = 58 - -17. Let x = m - 46. Calculate the remainder when x is divided by 10.
9
Suppose 29*o = 30*o - 5. Let g = -5 - -12. What is the remainder when o/((-10)/8) + 24 is divided by g?
6
Calculate the remainder when 297*(6 + 2/(-1) - 3) is divided by 50.
47
Let x(l) = -70*l - 469. Calculate the remainder when 293 is divided by x(-7).
20
Let z(c) = c + 27. Let s(b) = -b - 8. Let t be s(-8). Calculate the remainder when z(t) is divided by 6.
3
Let s(l) = 2*l**2 + 4*l. Suppose 2*r - 10 = -2. Let z = -13 - -38. Calculate the remainder when s(r) is divided by z.
23
Suppose 0*j - 2*j + 20 = 0. Suppose 0 = 3*a - 2*g - 118, -3*a + g = 3*g - 98. Calculate the remainder when a/30*(-260)/(-8) is divided by j.
9
Let k(d) = -7*d. Let u be k(-1). Suppose -3*z + 11 + u = 0. What is the remainder when 15 is divided by z?
3
Calculate the remainder when 55 is divided by 3/12 - (-47)/4.
7
Let s(k) = 2*k**2 - 31*k + 5. Suppose -2*y + 7*y + 3*t = 95, 0 = -5*y - t + 85. Calculate the remainder when 103 is divided by s(y).
19
Let l(c) = -c**2 - c + 10. Let i be l(0). Let t = i - 9. What is the remainder when 2 is divided by t?
0
Suppose 4*i + 38 = -0*s - 2*s, 4*s - 3*i = -65. Let n = 2 - s. Calculate the remainder when n is divided by ((-15)/30)/((-1 - -3)/(-16)).
3
Let f(a) = -32*a + 281. Calculate the remainder when f(0) is divided by 94.
93
What is the remainder when 2724/14 - 138/(-322) is divided by 22?
19
Suppose 177 + 381 = 9*p. What is the remainder when p is divided by 19?
5
Let v be (-141)/(-21) + (-2)/(-7). Suppose 2*y + 25 = v*y. Suppose -y*k + 60 = -2*k - z, -3*z = 0. What is the remainder when 59 is divided by k?
19
Let t(g) = 6*g - 1 + 20*g**2 - 6 - 19*g**2. Calculate the remainder when 26 is divided by t(-8).
8
Let z = 1568 + -1467. Let g = -41 - -62. Calculate the remainder when z is divided by g.
17
Suppose 5*u - 475 = -0*o + 5*o, 2*u + 5*o = 197. What is the remainder when u is divided by 26?
18
Let w(b) = -b**2 - 12*b + 11. Let f be w(-10). Let r = f - 27. Calculate the remainder when 20 is divided by (14/r)/(3/6).
6
Suppose -y - 50 = -122. Calculate the remainder when 714 is divided by y.
66
Let w = 12 - 7. Suppose -9 - 5 = -2*o - 2*k, 3*k - 29 = -w*o. Suppose -o*j + 5*j - 17 = 0. Calculate the remainder when j is divided by 5.
2
Suppose 0 = -0*m - 2*m - 4*i + 18, -2*m - i = -21. Calculate the remainder when 72 is divided by m.
6
Let l be 18/(-3)*(-2)/(8/6). Calculate the remainder when (-3 - 3/l)*(-6)/4 is divided by 1.
0
Let r = 11 + -7. Suppose -5*c + 26 = -3*p, p + 8 + 6 = 3*c. Suppose -r*n = -6*n + c. Calculate the remainder when n is divided by 1.
0
Let c(u) = 45*u - 290. What is the remainder when 49 is divided by c(7)?
24
Suppose -4 = -4*b + 3*b. Let r = 33 + -32. Suppose -3*f + y = -40, 2*y = f - r - 4. Calculate the remainder when f is divided by b.
3
Suppose 0 = -4*g - 36 - 16. Let b = -1 - g. Calculate the remainder when 34 is divided by b.
10
Let m(t) = 9*t + 53. Let j be m(17). Suppose -v + j = 2*f - 5*v, 176 = 2*f + 2*v. Calculate the remainder when f is divided by 25.
18
Let b(j) = -j**3 - 6*j**2 - 3*j + 16. Let c be b(-5). Calculate the remainder when 97 is divided by 1001/52 + c/8.
17
Let h be (-3)/4 - 3462/24*1. Let n = 203 + h. Calculate the remainder when n is divided by 23.
12
What is the remainder when 365 is divided by (27 + -127)*(-18)/10?
5
Suppose -4*f - 12 = 0, 2*q - 48 = -41*f + 39*f. What is the remainder when q is divided by 25?
2
Suppose 2*i + 115 = 2*q + 5, 2*q = -5*i + 145. What is the remainder when q is divided by 10?
0
Suppose 48*h + 120 = 53*h. Suppose 3*g + 3*w = 84 - 3, -2*g + 4*w = -h. What is the remainder when 60 is divided by g?
16
Suppose -1103 = -3*z - 1010. What is the remainder when 355 is divided by z?
14
Let r(s) = -11*s + 1. Let x be r(4). Let b = -30 - x. Calculate the remainder when b is divided by 4.
1
Let b(q) = -q - 2. Suppose -380 = -5*j + 5*w, 5*j + w - 299 = 57. Suppose -j - 73 = -5*s. Calculate the remainder when s is divided by b(-10).
5
Suppose -o + 6*o = -10, 4*g = o + 546. Calculate the remainder when g is divided by 101.
35
Let j = 60 - 35. What is the remainder when (-142)/(0 + (-4)/2) is divided by j?
21
Let b = -774 - -849. Calculate the remainder when b is divided by (1 + 0)*-13*-2.
23
Let k(y) = -y**3 + 3*y**2 + 2*y + 6. Let j be k(3). Suppose 0 = 7*w - j*w + 65. Calculate the remainder when 62 is divided by w.
10
Let a(z) be the first derivative of -z**4/4 + 8*z**3/3 - 7*z**2/2 + 24*z + 13. Let c(i) = -i + 2. What is the remainder when a(7) is divided by c(-7)?
6
Let w = -49 + 53. Suppose 48 = 10*n - w*n. What is the remainder when 55 is divided by n?
7
Suppose 11*k - 4053 = 1480. Calculate the remainder when k is divided by 24.
23
Suppose 2*c - 3*y = 229, 4*c + 4*y - 98 = 3*c. What is the remainder when c is divided by 26?
6
Let b(z) = -z**3 - 14*z**2 - z + 9. What is the remainder when (6 - -2)/(7/98) is divided by b(-14)?
20
Calculate the remainder when 4 + 2716 + (-5 - -13) is divided by 39.
37
Suppose -157 = -11*f - 80. What is the remainder when 25 is divided by f?
4
Suppose 4*y + 5*c - 426 - 4179 = 0, -y - 5*c + 1155 = 0. What is the remainder when y is divided by 24?
22
Let g = -10 + 12. Suppose -5 = y - g*y. Suppose d = y*d + 5*v - 98, -d - v = -24. What is the remainder when d is divided by 8?
6
Suppose -48*k + 0*k + 288 = 0. What is the remainder when 9 is divided by k?
3
Let s = -27 + 42. Suppose -2*q + 17 + 101 = 0. What is the remainder when q is divided by s?
14
Let u = 1832 + -1819. What is the remainder when 597 is divided by u?
12
Suppose -2*c = -0*c. Suppose c = w +